{"id":22801,"date":"2022-01-14T11:16:28","date_gmt":"2022-01-14T11:16:28","guid":{"rendered":"https:\/\/dominguezventura.es\/derecho-civil\/"},"modified":"2023-03-30T11:36:59","modified_gmt":"2023-03-30T11:36:59","slug":"derecho-civil","status":"publish","type":"page","link":"https:\/\/dominguezventura.es\/ca\/derecho-civil\/","title":{"rendered":"Dret Civil"},"content":{"rendered":"<div class=\"wpb-content-wrapper\"><p>[vc_row row_type=&#8221;row&#8221; use_row_as_full_screen_section=&#8221;no&#8221; type=&#8221;grid&#8221; text_align=&#8221;left&#8221; background_animation=&#8221;none&#8221; padding_top=&#8221;85&#8243; css_animation=&#8221;&#8221; background_color=&#8221;#ffffff&#8221; css=&#8221;.vc_custom_1642159775995{padding-top: 10px !important;padding-bottom: 40px !important;}&#8221;][vc_column css=&#8221;.vc_custom_1642159787489{padding-top: 0px !important;}&#8221;][vc_row_inner row_type=&#8221;row&#8221; type=&#8221;grid&#8221; use_row_as_full_screen_section_slide=&#8221;no&#8221; text_align=&#8221;left&#8221; padding_top=&#8221;65&#8243; css_animation=&#8221;&#8221; css=&#8221;.vc_custom_1642159855641{padding-top: 0px !important;}&#8221;][vc_column_inner width=&#8221;2\/3&#8243;][vc_column_text]<\/p>\n<h5>DRET CIVIL<\/h5>\n<p>[\/vc_column_text][vc_separator type=&#8221;transparent&#8221; border_style=&#8221;&#8221; up=&#8221;40&#8243; down=&#8221;0&#8243;][vc_column_text]Tenim una \u00e0mplia experi\u00e8ncia en l\u2019\u00e0mbit de la responsabilitat civil i el dret de l\u2019asseguran\u00e7a. Aix\u00f2 ens permet la defensa i assessorament de les asseguradores i els seus assegurats en mat\u00e8ries relacionades amb reclamacions de danys, productes defectuosos i responsabilitat civil professional en la seva majoria, i en qualsevol punt del sinistre. Tamb\u00e9 assessorem a particulars, empreses i entitats de dret p\u00fablic i dret privat en la subscripci\u00f3 d\u2019una asseguran\u00e7a i en les relacions amb la seva asseguradora tant abans com despr\u00e9s d\u2019un sinistre. Tamb\u00e9 cobrim l&#8217;assessorament jur\u00eddic en branques de dret civil, com fam\u00edlia, menors i incapa\u00e7os, sobre tot en aquells \u00e0mbits que aquestes regulacions espec\u00edfiques apliquen a l\u2019exercici\u00a0 de\u00a0 les professions sanit\u00e0ries i socials.[\/vc_column_text][vc_separator type=&#8221;transparent&#8221; border_style=&#8221;&#8221; up=&#8221;60&#8243; down=&#8221;0&#8243;][\/vc_column_inner][vc_column_inner width=&#8221;1\/3&#8243;][vc_single_image image=&#8221;22299&#8243; img_size=&#8221;full&#8221; qode_css_animation=&#8221;&#8221;][vc_separator type=&#8221;normal&#8221; border_style=&#8221;&#8221; color=&#8221;#ffffff&#8221;][\/vc_column_inner][\/vc_row_inner][\/vc_column][\/vc_row][vc_row row_type=&#8221;row&#8221; use_row_as_full_screen_section=&#8221;no&#8221; type=&#8221;grid&#8221; text_align=&#8221;left&#8221; background_animation=&#8221;none&#8221; css_animation=&#8221;&#8221; background_color=&#8221;rgba(153,153,51,0.08)&#8221; css=&#8221;.vc_custom_1642158116524{padding-top: 20px !important;}&#8221;][vc_column][vc_separator type=&#8221;normal&#8221; border_style=&#8221;&#8221; color=&#8221;#f5f5f5&#8243;][vc_column_text]<\/p>\n<h3>\u00c0REES D&#8217;ESPECIALITAT<\/h3>\n<p>[\/vc_column_text][vc_separator type=&#8221;normal&#8221; border_style=&#8221;&#8221; color=&#8221;#f5f5f5&#8243;][\/vc_column][\/vc_row][vc_row row_type=&#8221;row&#8221; use_row_as_full_screen_section=&#8221;no&#8221; type=&#8221;grid&#8221; text_align=&#8221;left&#8221; background_animation=&#8221;none&#8221; css_animation=&#8221;&#8221; background_color=&#8221;rgba(153,153,51,0.08)&#8221; css=&#8221;.vc_custom_1642158174167{padding-bottom: 30px !important;}&#8221;][vc_column width=&#8221;1\/5&#8243; css=&#8221;.vc_custom_1642160025392{padding-bottom: 10px !important;}&#8221;][vc_single_image image=&#8221;21915&#8243; alignment=&#8221;center&#8221; qode_css_animation=&#8221;&#8221;][vc_separator type=&#8221;transparent&#8221; border_style=&#8221;&#8221;][vc_column_text]<\/p>\n<h6 style=\"text-align: center;\"><a href=\"https:\/\/dominguezventura.es\/ca\/derecho-sanitario\/\">DRET SANITARI<\/a><\/h6>\n<p>[\/vc_column_text][\/vc_column][vc_column width=&#8221;1\/5&#8243; css=&#8221;.vc_custom_1642160018392{padding-bottom: 10px !important;}&#8221;][vc_single_image image=&#8221;21917&#8243; alignment=&#8221;center&#8221; qode_css_animation=&#8221;&#8221;][vc_separator type=&#8221;transparent&#8221; border_style=&#8221;&#8221;][vc_column_text]<\/p>\n<h6 style=\"text-align: center;\"><span style=\"color: #999933;\">DRET CIVIL<\/span><\/h6>\n<p>[\/vc_column_text][\/vc_column][vc_column width=&#8221;1\/5&#8243; css=&#8221;.vc_custom_1642160012697{padding-bottom: 10px !important;}&#8221;][vc_single_image image=&#8221;21918&#8243; alignment=&#8221;center&#8221; qode_css_animation=&#8221;&#8221;][vc_separator type=&#8221;transparent&#8221; border_style=&#8221;&#8221;][vc_column_text]<\/p>\n<h6 style=\"text-align: center;\"><a href=\"https:\/\/dominguezventura.es\/ca\/derecho-penal\/\">DRET PENAL<\/a><\/h6>\n<p>[\/vc_column_text][\/vc_column][vc_column width=&#8221;1\/5&#8243; css=&#8221;.vc_custom_1642160004736{padding-bottom: 10px !important;}&#8221;][vc_single_image image=&#8221;21916&#8243; alignment=&#8221;center&#8221; qode_css_animation=&#8221;&#8221;][vc_separator type=&#8221;transparent&#8221; border_style=&#8221;&#8221;][vc_column_text]<\/p>\n<h6 style=\"text-align: center;\"><a href=\"https:\/\/dominguezventura.es\/ca\/derecho-administrativo\/\">DRET ADMINISTRATIU<\/a><\/h6>\n<p>[\/vc_column_text][\/vc_column][vc_column width=&#8221;1\/5&#8243; css=&#8221;.vc_custom_1642159996146{padding-bottom: 10px !important;}&#8221;][vc_single_image image=&#8221;21913&#8243; alignment=&#8221;center&#8221; qode_css_animation=&#8221;&#8221;][vc_separator type=&#8221;transparent&#8221; border_style=&#8221;&#8221;][vc_column_text]<\/p>\n<h6 style=\"text-align: center;\"><a href=\"https:\/\/dominguezventura.es\/ca\/servicios-externos\/\">SERVEIS EXTERNS<\/a><\/h6>\n<p>[\/vc_column_text][\/vc_column][\/vc_row]<\/p>\n<\/div>","protected":false},"excerpt":{"rendered":"<p>[vc_row row_type=&#8221;row&#8221; use_row_as_full_screen_section=&#8221;no&#8221; type=&#8221;grid&#8221; text_align=&#8221;left&#8221; background_animation=&#8221;none&#8221; padding_top=&#8221;85&#8243; css_animation=&#8221;&#8221; background_color=&#8221;#ffffff&#8221; css=&#8221;.vc_custom_1642159775995{padding-top: 10px !important;padding-bottom: 40px !important;}&#8221;][vc_column css=&#8221;.vc_custom_1642159787489{padding-top: 0px !important;}&#8221;][vc_row_inner row_type=&#8221;row&#8221; type=&#8221;grid&#8221; use_row_as_full_screen_section_slide=&#8221;no&#8221; text_align=&#8221;left&#8221; padding_top=&#8221;65&#8243; css_animation=&#8221;&#8221; css=&#8221;.vc_custom_1642159855641{padding-top: 0px !important;}&#8221;][vc_column_inner width=&#8221;2\/3&#8243;][vc_column_text] DRET CIVIL [\/vc_column_text][vc_separator type=&#8221;transparent&#8221; border_style=&#8221;&#8221; up=&#8221;40&#8243; down=&#8221;0&#8243;][vc_column_text]Tenim una \u00e0mplia experi\u00e8ncia en l\u2019\u00e0mbit de la responsabilitat civil i el&#8230;<\/p>\n","protected":false},"author":1,"featured_media":0,"parent":0,"menu_order":0,"comment_status":"closed","ping_status":"closed","template":"full_width.php","meta":{"footnotes":""},"class_list":["post-22801","page","type-page","status-publish","hentry"],"_links":{"self":[{"href":"https:\/\/dominguezventura.es\/ca\/wp-json\/wp\/v2\/pages\/22801","targetHints":{"allow":["GET"]}}],"collection":[{"href":"https:\/\/dominguezventura.es\/ca\/wp-json\/wp\/v2\/pages"}],"about":[{"href":"https:\/\/dominguezventura.es\/ca\/wp-json\/wp\/v2\/types\/page"}],"author":[{"embeddable":true,"href":"https:\/\/dominguezventura.es\/ca\/wp-json\/wp\/v2\/users\/1"}],"replies":[{"embeddable":true,"href":"https:\/\/dominguezventura.es\/ca\/wp-json\/wp\/v2\/comments?post=22801"}],"version-history":[{"count":2,"href":"https:\/\/dominguezventura.es\/ca\/wp-json\/wp\/v2\/pages\/22801\/revisions"}],"predecessor-version":[{"id":22803,"href":"https:\/\/dominguezventura.es\/ca\/wp-json\/wp\/v2\/pages\/22801\/revisions\/22803"}],"wp:attachment":[{"href":"https:\/\/dominguezventura.es\/ca\/wp-json\/wp\/v2\/media?parent=22801"}],"curies":[{"name":"wp","href":"https:\/\/api.w.org\/{rel}","templated":true}]}}

<div class="wpb-content-wrapper"><p>[vc_row row_type=&#8221;row&#8221; use_row_as_full_screen_section=&#8221;no&#8221; type=&#8221;grid&#8221; text_align=&#8221;left&#8221; background_animation=&#8221;none&#8221; padding_top=&#8221;85&#8243; css_animation=&#8221;&#8221; background_color=&#8221;#ffffff&#8221; css=&#8221;.vc_custom_1642159775995{padding-top: 10px !important;padding-bottom: 40px !important;}&#8221;][vc_column css=&#8221;.vc_custom_1642159787489{padding-top: 0px !important;}&#8221;][vc_row_inner row_type=&#8221;row&#8221; type=&#8221;grid&#8221; use_row_as_full_screen_section_slide=&#8221;no&#8221; text_align=&#8221;left&#8221; padding_top=&#8221;65&#8243; css_animation=&#8221;&#8221; css=&#8221;.vc_custom_1642159855641{padding-top: 0px !important;}&#8221;][vc_column_inner width=&#8221;2/3&#8243;][vc_column_text]</p>
<h5>DRET CIVIL</h5>
<p>[/vc_column_text][vc_separator type=&#8221;transparent&#8221; border_style=&#8221;&#8221; up=&#8221;40&#8243; down=&#8221;0&#8243;][vc_column_text]Tenim una àmplia experiència en l’àmbit de la responsabilitat civil i el dret de l’assegurança. Això ens permet la defensa i assessorament de les asseguradores i els seus assegurats en matèries relacionades amb reclamacions de danys, productes defectuosos i responsabilitat civil professional en la seva majoria, i en qualsevol punt del sinistre. També assessorem a particulars, empreses i entitats de dret públic i dret privat en la subscripció d’una assegurança i en les relacions amb la seva asseguradora tant abans com després d’un sinistre. També cobrim l&#8217;assessorament jurídic en branques de dret civil, com família, menors i incapaços, sobre tot en aquells àmbits que aquestes regulacions específiques apliquen a l’exercici  de  les professions sanitàries i socials.[/vc_column_text][vc_separator type=&#8221;transparent&#8221; border_style=&#8221;&#8221; up=&#8221;60&#8243; down=&#8221;0&#8243;][/vc_column_inner][vc_column_inner width=&#8221;1/3&#8243;][vc_single_image image=&#8221;22299&#8243; img_size=&#8221;full&#8221; qode_css_animation=&#8221;&#8221;][vc_separator type=&#8221;normal&#8221; border_style=&#8221;&#8221; color=&#8221;#ffffff&#8221;][/vc_column_inner][/vc_row_inner][/vc_column][/vc_row][vc_row row_type=&#8221;row&#8221; use_row_as_full_screen_section=&#8221;no&#8221; type=&#8221;grid&#8221; text_align=&#8221;left&#8221; background_animation=&#8221;none&#8221; css_animation=&#8221;&#8221; background_color=&#8221;rgba(153,153,51,0.08)&#8221; css=&#8221;.vc_custom_1642158116524{padding-top: 20px !important;}&#8221;][vc_column][vc_separator type=&#8221;normal&#8221; border_style=&#8221;&#8221; color=&#8221;#f5f5f5&#8243;][vc_column_text]</p>
<h3>ÀREES D&#8217;ESPECIALITAT</h3>
<p>[/vc_column_text][vc_separator type=&#8221;normal&#8221; border_style=&#8221;&#8221; color=&#8221;#f5f5f5&#8243;][/vc_column][/vc_row][vc_row row_type=&#8221;row&#8221; use_row_as_full_screen_section=&#8221;no&#8221; type=&#8221;grid&#8221; text_align=&#8221;left&#8221; background_animation=&#8221;none&#8221; css_animation=&#8221;&#8221; background_color=&#8221;rgba(153,153,51,0.08)&#8221; css=&#8221;.vc_custom_1642158174167{padding-bottom: 30px !important;}&#8221;][vc_column width=&#8221;1/5&#8243; css=&#8221;.vc_custom_1642160025392{padding-bottom: 10px !important;}&#8221;][vc_single_image image=&#8221;21915&#8243; alignment=&#8221;center&#8221; qode_css_animation=&#8221;&#8221;][vc_separator type=&#8221;transparent&#8221; border_style=&#8221;&#8221;][vc_column_text]</p>
<h6 style="text-align: center;"><a href="https://dominguezventura.es/ca/derecho-sanitario/">DRET SANITARI</a></h6>
<p>[/vc_column_text][/vc_column][vc_column width=&#8221;1/5&#8243; css=&#8221;.vc_custom_1642160018392{padding-bottom: 10px !important;}&#8221;][vc_single_image image=&#8221;21917&#8243; alignment=&#8221;center&#8221; qode_css_animation=&#8221;&#8221;][vc_separator type=&#8221;transparent&#8221; border_style=&#8221;&#8221;][vc_column_text]</p>
<h6 style="text-align: center;"><span style="color: #999933;">DRET CIVIL</span></h6>
<p>[/vc_column_text][/vc_column][vc_column width=&#8221;1/5&#8243; css=&#8221;.vc_custom_1642160012697{padding-bottom: 10px !important;}&#8221;][vc_single_image image=&#8221;21918&#8243; alignment=&#8221;center&#8221; qode_css_animation=&#8221;&#8221;][vc_separator type=&#8221;transparent&#8221; border_style=&#8221;&#8221;][vc_column_text]</p>
<h6 style="text-align: center;"><a href="https://dominguezventura.es/ca/derecho-penal/">DRET PENAL</a></h6>
<p>[/vc_column_text][/vc_column][vc_column width=&#8221;1/5&#8243; css=&#8221;.vc_custom_1642160004736{padding-bottom: 10px !important;}&#8221;][vc_single_image image=&#8221;21916&#8243; alignment=&#8221;center&#8221; qode_css_animation=&#8221;&#8221;][vc_separator type=&#8221;transparent&#8221; border_style=&#8221;&#8221;][vc_column_text]</p>
<h6 style="text-align: center;"><a href="https://dominguezventura.es/ca/derecho-administrativo/">DRET ADMINISTRATIU</a></h6>
<p>[/vc_column_text][/vc_column][vc_column width=&#8221;1/5&#8243; css=&#8221;.vc_custom_1642159996146{padding-bottom: 10px !important;}&#8221;][vc_single_image image=&#8221;21913&#8243; alignment=&#8221;center&#8221; qode_css_animation=&#8221;&#8221;][vc_separator type=&#8221;transparent&#8221; border_style=&#8221;&#8221;][vc_column_text]</p>
<h6 style="text-align: center;"><a href="https://dominguezventura.es/ca/servicios-externos/">SERVEIS EXTERNS</a></h6>
<p>[/vc_column_text][/vc_column][/vc_row]</p>
</div>

<p>[vc_row row_type=&#8221;row&#8221; use_row_as_full_screen_section=&#8221;no&#8221; type=&#8221;grid&#8221; text_align=&#8221;left&#8221; background_animation=&#8221;none&#8221; padding_top=&#8221;85&#8243; css_animation=&#8221;&#8221; background_color=&#8221;#ffffff&#8221; css=&#8221;.vc_custom_1642159775995{padding-top: 10px !important;padding-bottom: 40px !important;}&#8221;][vc_column css=&#8221;.vc_custom_1642159787489{padding-top: 0px !important;}&#8221;][vc_row_inner row_type=&#8221;row&#8221; type=&#8221;grid&#8221; use_row_as_full_screen_section_slide=&#8221;no&#8221; text_align=&#8221;left&#8221; padding_top=&#8221;65&#8243; css_animation=&#8221;&#8221; css=&#8221;.vc_custom_1642159855641{padding-top: 0px !important;}&#8221;][vc_column_inner width=&#8221;2/3&#8243;][vc_column_text] DRET CIVIL [/vc_column_text][vc_separator type=&#8221;transparent&#8221; border_style=&#8221;&#8221; up=&#8221;40&#8243; down=&#8221;0&#8243;][vc_column_text]Tenim una àmplia experiència en l’àmbit de la responsabilitat civil i el&#8230;</p>
